CRAN Package Check Results for Package loon.tourr

Last updated on 2025-07-13 04:48:52 CEST.

Flavor Version Tinstall Tcheck Ttotal Status Flags
r-devel-linux-x86_64-debian-clang 0.1.4 9.30 115.02 124.32 NOTE
r-devel-linux-x86_64-debian-gcc 0.1.4 7.43 90.79 98.22 NOTE
r-devel-linux-x86_64-fedora-clang 0.1.4 201.17 OK
r-devel-linux-x86_64-fedora-gcc 0.1.4 206.46 OK
r-devel-windows-x86_64 0.1.4 9.00 125.00 134.00 NOTE
r-patched-linux-x86_64 0.1.4 9.34 107.81 117.15 NOTE
r-release-linux-x86_64 0.1.4 9.41 108.73 118.14 NOTE
r-release-macos-arm64 0.1.4 106.00 OK
r-release-macos-x86_64 0.1.4 155.00 OK
r-release-windows-x86_64 0.1.4 10.00 173.00 183.00 NOTE
r-oldrel-macos-arm64 0.1.4 108.00 OK
r-oldrel-macos-x86_64 0.1.4 160.00 OK
r-oldrel-windows-x86_64 0.1.4 13.00 144.00 157.00 OK

Check Details

Version: 0.1.4
Check: Rd cross-references
Result: NOTE Found the following Rd file(s) with Rd \link{} targets missing package anchors: l_tour.Rd: grand_tour, dependence_tour, frozen_tour, guided_tour, planned_tour tour_pairs.Rd: l_pairs Please provide package anchors for all Rd \link{} targets not in the package itself and the base packages. Flavors: r-devel-linux-x86_64-debian-clang, r-devel-linux-x86_64-debian-gcc, r-devel-windows-x86_64, r-patched-linux-x86_64, r-release-linux-x86_64, r-release-windows-x86_64