CRAN Package Check Results for Package lvmcomp

Last updated on 2025-07-12 22:49:14 CEST.

Flavor Version Tinstall Tcheck Ttotal Status Flags
r-devel-linux-x86_64-debian-clang 1.2 54.29 30.20 84.49 NOTE
r-devel-linux-x86_64-debian-gcc 1.2 40.05 23.18 63.23 NOTE
r-devel-linux-x86_64-fedora-clang 1.2 162.45 NOTE
r-devel-linux-x86_64-fedora-gcc 1.2 142.26 NOTE
r-devel-windows-x86_64 1.2 61.00 74.00 135.00 NOTE
r-patched-linux-x86_64 1.2 59.09 28.24 87.33 NOTE
r-release-linux-x86_64 1.2 55.29 28.30 83.59 NOTE
r-release-macos-arm64 1.2 45.00 NOTE
r-release-macos-x86_64 1.2 52.00 NOTE
r-release-windows-x86_64 1.2 61.00 81.00 142.00 NOTE
r-oldrel-macos-arm64 1.2 38.00 NOTE
r-oldrel-macos-x86_64 1.2 43.00 NOTE
r-oldrel-windows-x86_64 1.2 73.00 84.00 157.00 NOTE

Check Details

Version: 1.2
Check: C++ specification
Result: NOTE Specified C++11: please drop specification unless essential Flavors: r-devel-linux-x86_64-debian-clang, r-devel-linux-x86_64-debian-gcc, r-devel-linux-x86_64-fedora-clang, r-devel-linux-x86_64-fedora-gcc, r-devel-windows-x86_64, r-patched-linux-x86_64, r-release-linux-x86_64, r-release-macos-arm64, r-release-macos-x86_64, r-release-windows-x86_64, r-oldrel-macos-arm64, r-oldrel-macos-x86_64, r-oldrel-windows-x86_64

Version: 1.2
Check: Rd files
Result: NOTE checkRd: (-1) StEM_pcirt.Rd:11: Lost braces; missing escapes or markup? 11 | \item{response}{N by J matrix containing {0,1,...,M-1} responses, where N is the number of respondents and J is the number of items.} | ^ Flavors: r-devel-linux-x86_64-debian-clang, r-devel-linux-x86_64-debian-gcc, r-devel-linux-x86_64-fedora-clang, r-devel-linux-x86_64-fedora-gcc, r-devel-windows-x86_64, r-patched-linux-x86_64, r-release-linux-x86_64, r-release-macos-arm64, r-release-macos-x86_64, r-release-windows-x86_64, r-oldrel-macos-arm64, r-oldrel-macos-x86_64, r-oldrel-windows-x86_64