CRAN Package Check Results for Package mapindiatools

Last updated on 2025-07-12 22:49:14 CEST.

Flavor Version Tinstall Tcheck Ttotal Status Flags
r-devel-linux-x86_64-debian-clang 1.0.1 13.83 45.86 59.69 OK
r-devel-linux-x86_64-debian-gcc 1.0.1 12.77 34.41 47.18 OK
r-devel-linux-x86_64-fedora-clang 1.0.1 92.86 OK
r-devel-linux-x86_64-fedora-gcc 1.0.1 87.46 OK
r-devel-windows-x86_64 1.0.1 17.00 60.00 77.00 OK
r-patched-linux-x86_64 1.0.1 13.82 41.96 55.78 OK
r-release-linux-x86_64 1.0.1 14.76 42.06 56.82 OK
r-release-macos-arm64 1.0.1 37.00 OK
r-release-macos-x86_64 1.0.1 62.00 OK
r-release-windows-x86_64 1.0.1 19.00 96.00 115.00 OK
r-oldrel-macos-arm64 1.0.1 42.00 NOTE
r-oldrel-macos-x86_64 1.0.1 57.00 NOTE
r-oldrel-windows-x86_64 1.0.1 22.00 69.00 91.00 NOTE

Check Details

Version: 1.0.1
Check: installed package size
Result: NOTE installed size is 8.5Mb sub-directories of 1Mb or more: R 8.4Mb Flavors: r-oldrel-macos-arm64, r-oldrel-macos-x86_64, r-oldrel-windows-x86_64