Last updated on 2024-05-23 14:48:17 CEST.
Flavor | Version | Tinstall | Tcheck | Ttotal | Status | Flags |
---|---|---|---|---|---|---|
r-devel-linux-x86_64-debian-clang | 0.9.5 | 182.29 | 329.37 | 511.66 | NOTE | |
r-devel-linux-x86_64-debian-gcc | 0.9.5 | 137.08 | 231.19 | 368.27 | NOTE | |
r-devel-linux-x86_64-fedora-clang | 0.9.5 | 676.50 | NOTE | |||
r-devel-linux-x86_64-fedora-gcc | 0.9.5 | 705.21 | NOTE | |||
r-devel-windows-x86_64 | 0.9.5 | 147.00 | 340.00 | 487.00 | NOTE | |
r-patched-linux-x86_64 | 0.9.5 | 175.35 | 309.04 | 484.39 | NOTE | |
r-release-linux-x86_64 | 0.9.5 | 187.15 | 313.60 | 500.75 | NOTE | |
r-release-macos-arm64 | 0.9.5 | 157.00 | NOTE | |||
r-release-windows-x86_64 | 0.9.5 | 148.00 | 341.00 | 489.00 | NOTE | |
r-oldrel-macos-arm64 | 0.9.5 | 160.00 | NOTE | |||
r-oldrel-macos-x86_64 | 0.9.5 | 428.00 | NOTE | |||
r-oldrel-windows-x86_64 | 0.9.5 | 178.00 | 385.00 | 563.00 | NOTE |
Version: 0.9.5
Check: Rd files
Result: NOTE
checkRd: (-1) markovchainFit.Rd:31: Lost braces; missing escapes or markup?
31 | \item{stringchar}{It can be a {n x n} matrix or a character vector or a list}
| ^
checkRd: (-1) markovchainFit.Rd:39: Lost braces; missing escapes or markup?
39 | \item{data}{It can be a character vector or a {n x n} matrix or a {n x n} data frame or a list}
| ^
checkRd: (-1) markovchainFit.Rd:39: Lost braces; missing escapes or markup?
39 | \item{data}{It can be a character vector or a {n x n} matrix or a {n x n} data frame or a list}
| ^
checkRd: (-1) markovchainFit.Rd:61: Lost braces; missing escapes or markup?
61 | {k x k} where k is the number of states in the chain and the values
| ^
Flavors: r-devel-linux-x86_64-debian-clang, r-devel-linux-x86_64-debian-gcc, r-devel-linux-x86_64-fedora-clang, r-devel-linux-x86_64-fedora-gcc, r-devel-windows-x86_64, r-patched-linux-x86_64, r-release-linux-x86_64, r-release-macos-arm64, r-release-windows-x86_64
Version: 0.9.5
Check: for GNU extensions in Makefiles
Result: NOTE
GNU make is a SystemRequirements.
Flavors: r-devel-linux-x86_64-debian-clang, r-devel-linux-x86_64-debian-gcc, r-devel-linux-x86_64-fedora-clang, r-devel-linux-x86_64-fedora-gcc, r-devel-windows-x86_64, r-patched-linux-x86_64, r-release-linux-x86_64, r-release-macos-arm64, r-release-windows-x86_64, r-oldrel-macos-arm64, r-oldrel-macos-x86_64, r-oldrel-windows-x86_64
Version: 0.9.5
Check: installed package size
Result: NOTE
installed size is 9.9Mb
sub-directories of 1Mb or more:
libs 8.3Mb
Flavors: r-release-macos-arm64, r-oldrel-macos-arm64, r-oldrel-macos-x86_64