CRAN Package Check Results for Package mccmeiv

Last updated on 2025-07-13 04:48:52 CEST.

Flavor Version Tinstall Tcheck Ttotal Status Flags
r-devel-linux-x86_64-debian-clang 2.1 9.10 73.23 82.33 NOTE
r-devel-linux-x86_64-debian-gcc 2.1 5.83 53.43 59.26 NOTE
r-devel-linux-x86_64-fedora-clang 2.1 130.51 OK
r-devel-linux-x86_64-fedora-gcc 2.1 122.43 OK
r-devel-windows-x86_64 2.1 10.00 83.00 93.00 OK
r-patched-linux-x86_64 2.1 9.58 70.50 80.08 OK
r-release-linux-x86_64 2.1 8.15 69.01 77.16 OK
r-release-macos-arm64 2.1 38.00 OK
r-release-macos-x86_64 2.1 66.00 OK
r-release-windows-x86_64 2.1 10.00 86.00 96.00 OK
r-oldrel-macos-arm64 2.1 37.00 OK
r-oldrel-macos-x86_64 2.1 65.00 OK
r-oldrel-windows-x86_64 2.1 13.00 94.00 107.00 OK

Check Details

Version: 2.1
Check: CRAN incoming feasibility
Result: NOTE Maintainer: ‘Chris M Manuel <cmmanuel@stat.tamu.edu>’ No Authors@R field in DESCRIPTION. Please add one, modifying Authors@R: c(person(given = c("Chris", "M"), family = "Manuel", role = c("aut", "cre"), email = "cmmanuel@stat.tamu.edu"), person(given = "Samiran", family = "Sinha", role = "aut"), person(given = "Suojin", family = "Wang", role = "aut")) as necessary. Flavors: r-devel-linux-x86_64-debian-clang, r-devel-linux-x86_64-debian-gcc