Last updated on 2025-07-13 16:49:21 CEST.
Flavor | Version | Tinstall | Tcheck | Ttotal | Status | Flags |
---|---|---|---|---|---|---|
r-devel-linux-x86_64-debian-clang | 1.0.0 | 7.25 | 62.94 | 70.19 | NOTE | |
r-devel-linux-x86_64-debian-gcc | 1.0.0 | 5.74 | 49.16 | 54.90 | NOTE | |
r-devel-linux-x86_64-fedora-clang | 1.0.0 | 111.69 | OK | |||
r-devel-linux-x86_64-fedora-gcc | 1.0.0 | 102.30 | OK | |||
r-devel-windows-x86_64 | 1.0.0 | 7.00 | 70.00 | 77.00 | OK | |
r-patched-linux-x86_64 | 1.0.0 | 7.14 | 60.91 | 68.05 | OK | |
r-release-linux-x86_64 | 1.0.0 | 6.12 | 60.84 | 66.96 | OK | |
r-release-macos-arm64 | 1.0.0 | 37.00 | OK | |||
r-release-macos-x86_64 | 1.0.0 | 69.00 | OK | |||
r-release-windows-x86_64 | 1.0.0 | 8.00 | 75.00 | 83.00 | OK | |
r-oldrel-macos-arm64 | 1.0.0 | 34.00 | OK | |||
r-oldrel-macos-x86_64 | 1.0.0 | 49.00 | OK | |||
r-oldrel-windows-x86_64 | 1.0.0 | 11.00 | 88.00 | 99.00 | OK |
Version: 1.0.0
Check: CRAN incoming feasibility
Result: NOTE
Maintainer: ‘Zhengyang Zhou <zhengyang.zhou@unthsc.edu>’
No Authors@R field in DESCRIPTION.
Please add one, modifying
Authors@R: person(given = "Zhengyang",
family = "Zhou",
role = c("aut", "cre"),
email = "zhengyang.zhou@unthsc.edu")
as necessary.
Flavors: r-devel-linux-x86_64-debian-clang, r-devel-linux-x86_64-debian-gcc