Last updated on 2025-07-13 04:48:53 CEST.
Flavor | Version | Tinstall | Tcheck | Ttotal | Status | Flags |
---|---|---|---|---|---|---|
r-devel-linux-x86_64-debian-clang | 0.1.3 | 20.04 | 23.14 | 43.18 | OK | |
r-devel-linux-x86_64-debian-gcc | 0.1.3 | 14.62 | 19.12 | 33.74 | OK | |
r-devel-linux-x86_64-fedora-clang | 0.1.3 | 76.59 | OK | |||
r-devel-linux-x86_64-fedora-gcc | 0.1.3 | 71.67 | OK | |||
r-devel-windows-x86_64 | 0.1.3 | 23.00 | 59.00 | 82.00 | OK | |
r-patched-linux-x86_64 | 0.1.3 | 20.66 | 21.40 | 42.06 | OK | |
r-release-linux-x86_64 | 0.1.3 | 19.20 | 21.27 | 40.47 | OK | |
r-release-macos-arm64 | 0.1.3 | 33.00 | OK | |||
r-release-macos-x86_64 | 0.1.3 | 33.00 | OK | |||
r-release-windows-x86_64 | 0.1.3 | 24.00 | 65.00 | 89.00 | OK | |
r-oldrel-macos-arm64 | 0.1.3 | 23.00 | NOTE | |||
r-oldrel-macos-x86_64 | 0.1.3 | 29.00 | NOTE | |||
r-oldrel-windows-x86_64 | 0.1.3 | 25.00 | 81.00 | 106.00 | NOTE |
Version: 0.1.3
Check: LazyData
Result: NOTE
'LazyData' is specified without a 'data' directory
Flavors: r-oldrel-macos-arm64, r-oldrel-macos-x86_64, r-oldrel-windows-x86_64