Last updated on 2025-07-12 22:49:15 CEST.
Flavor | Version | Tinstall | Tcheck | Ttotal | Status | Flags |
---|---|---|---|---|---|---|
r-devel-linux-x86_64-debian-clang | 0.2.0 | 6.90 | 67.88 | 74.78 | NOTE | |
r-devel-linux-x86_64-debian-gcc | 0.2.0 | 5.52 | 52.61 | 58.13 | NOTE | |
r-devel-linux-x86_64-fedora-clang | 0.2.0 | 117.12 | OK | |||
r-devel-linux-x86_64-fedora-gcc | 0.2.0 | 125.33 | OK | |||
r-devel-windows-x86_64 | 0.2.0 | 8.00 | 76.00 | 84.00 | OK | |
r-patched-linux-x86_64 | 0.2.0 | 7.24 | 64.91 | 72.15 | OK | |
r-release-linux-x86_64 | 0.2.0 | 6.64 | 65.11 | 71.75 | OK | |
r-release-macos-arm64 | 0.2.0 | 51.00 | OK | |||
r-release-macos-x86_64 | 0.2.0 | 105.00 | OK | |||
r-release-windows-x86_64 | 0.2.0 | 9.00 | 81.00 | 90.00 | OK | |
r-oldrel-macos-arm64 | 0.2.0 | 43.00 | OK | |||
r-oldrel-macos-x86_64 | 0.2.0 | 81.00 | OK | |||
r-oldrel-windows-x86_64 | 0.2.0 | 11.00 | 91.00 | 102.00 | OK |
Version: 0.2.0
Check: CRAN incoming feasibility
Result: NOTE
Maintainer: ‘Nathan Carr <nathan.carr@maxar.com>’
No Authors@R field in DESCRIPTION.
Please add one, modifying
Authors@R: person(given = "Nathan",
family = "Carr",
role = c("aut", "cre"),
email = "nathan.carr@maxar.com")
as necessary.
Flavors: r-devel-linux-x86_64-debian-clang, r-devel-linux-x86_64-debian-gcc