Last updated on 2024-06-16 13:53:34 CEST.
Flavor | Version | Tinstall | Tcheck | Ttotal | Status | Flags |
---|---|---|---|---|---|---|
r-devel-linux-x86_64-debian-clang | 0.0.21 | 54.15 | 519.64 | 573.79 | OK | |
r-devel-linux-x86_64-debian-gcc | 0.0.21 | 38.91 | 391.32 | 430.23 | OK | |
r-devel-linux-x86_64-fedora-clang | 0.0.21 | 728.09 | OK | |||
r-devel-linux-x86_64-fedora-gcc | 0.0.21 | 493.18 | OK | |||
r-devel-windows-x86_64 | 0.0.21 | 41.00 | 368.00 | 409.00 | OK | |
r-patched-linux-x86_64 | 0.0.21 | 42.31 | 496.98 | 539.29 | OK | |
r-release-linux-x86_64 | 0.0.21 | 48.10 | 510.69 | 558.79 | OK | |
r-release-macos-arm64 | 0.0.21 | 117.00 | OK | |||
r-release-macos-x86_64 | 0.0.21 | 279.00 | OK | |||
r-release-windows-x86_64 | 0.0.21 | 40.00 | 351.00 | 391.00 | OK | |
r-oldrel-macos-arm64 | 0.0.21 | 130.00 | NOTE | |||
r-oldrel-macos-x86_64 | 0.0.21 | 232.00 | NOTE | |||
r-oldrel-windows-x86_64 | 0.0.21 | 56.00 | 475.00 | 531.00 | OK |
Version: 0.0.21
Check: package dependencies
Result: NOTE
Package suggested but not available for checking: ‘dada2’
Flavors: r-oldrel-macos-arm64, r-oldrel-macos-x86_64