Last updated on 2025-07-13 04:48:53 CEST.
Flavor | Version | Tinstall | Tcheck | Ttotal | Status | Flags |
---|---|---|---|---|---|---|
r-devel-linux-x86_64-debian-clang | 0.3.0 | 11.66 | 56.54 | 68.20 | NOTE | |
r-devel-linux-x86_64-debian-gcc | 0.3.0 | 7.76 | 40.19 | 47.95 | NOTE | |
r-devel-linux-x86_64-fedora-clang | 0.3.0 | 113.79 | OK | |||
r-devel-linux-x86_64-fedora-gcc | 0.3.0 | 103.53 | OK | |||
r-devel-windows-x86_64 | 0.3.0 | 15.00 | 104.00 | 119.00 | OK | |
r-patched-linux-x86_64 | 0.3.0 | 11.77 | 51.67 | 63.44 | OK | |
r-release-linux-x86_64 | 0.3.0 | 11.08 | 51.96 | 63.04 | OK | |
r-release-macos-arm64 | 0.3.0 | 34.00 | OK | |||
r-release-macos-x86_64 | 0.3.0 | 82.00 | OK | |||
r-release-windows-x86_64 | 0.3.0 | 16.00 | 113.00 | 129.00 | OK | |
r-oldrel-macos-arm64 | 0.3.0 | 34.00 | OK | |||
r-oldrel-macos-x86_64 | 0.3.0 | 92.00 | OK | |||
r-oldrel-windows-x86_64 | 0.3.0 | 16.00 | 113.00 | 129.00 | OK |
Version: 0.3.0
Check: CRAN incoming feasibility
Result: NOTE
Maintainer: ‘Constantin Ahlmann-Eltze <artjom31415@googlemail.com>’
Package CITATION file contains call(s) to old-style personList() or
as.personList(). Please use c() on person objects instead.
Package CITATION file contains call(s) to old-style citEntry(). Please
use bibentry() instead.
Flavors: r-devel-linux-x86_64-debian-clang, r-devel-linux-x86_64-debian-gcc