Last updated on 2025-07-13 04:48:53 CEST.
Flavor | Version | Tinstall | Tcheck | Ttotal | Status | Flags |
---|---|---|---|---|---|---|
r-devel-linux-x86_64-debian-clang | 0.0.3 | 6.03 | 52.28 | 58.31 | NOTE | |
r-devel-linux-x86_64-debian-gcc | 0.0.3 | 4.36 | 39.68 | 44.04 | NOTE | |
r-devel-linux-x86_64-fedora-clang | 0.0.3 | 88.38 | OK | |||
r-devel-linux-x86_64-fedora-gcc | 0.0.3 | 86.16 | OK | |||
r-devel-windows-x86_64 | 0.0.3 | 7.00 | 64.00 | 71.00 | OK | |
r-patched-linux-x86_64 | 0.0.3 | 6.53 | 49.27 | 55.80 | OK | |
r-release-linux-x86_64 | 0.0.3 | 6.03 | 49.33 | 55.36 | OK | |
r-release-macos-arm64 | 0.0.3 | 36.00 | OK | |||
r-release-macos-x86_64 | 0.0.3 | 57.00 | OK | |||
r-release-windows-x86_64 | 0.0.3 | 7.00 | 68.00 | 75.00 | OK | |
r-oldrel-macos-arm64 | 0.0.3 | 32.00 | OK | |||
r-oldrel-macos-x86_64 | 0.0.3 | 47.00 | OK | |||
r-oldrel-windows-x86_64 | 0.0.3 | 9.00 | 74.00 | 83.00 | OK |
Version: 0.0.3
Check: CRAN incoming feasibility
Result: NOTE
Maintainer: ‘Jaejoon Song <jjsong2@mdanderson.org>’
No Authors@R field in DESCRIPTION.
Please add one, modifying
Authors@R: person(given = "Jaejoon",
family = "Song",
role = c("aut", "cre"),
email = "jjsong2@mdanderson.org")
as necessary.
Flavors: r-devel-linux-x86_64-debian-clang, r-devel-linux-x86_64-debian-gcc