CRAN Package Check Results for Package modesto

Last updated on 2025-07-13 04:48:53 CEST.

Flavor Version Tinstall Tcheck Ttotal Status Flags
r-devel-linux-x86_64-debian-clang 0.1.4 16.13 68.35 84.48 NOTE
r-devel-linux-x86_64-debian-gcc 0.1.4 11.42 51.65 63.07 NOTE
r-devel-linux-x86_64-fedora-clang 0.1.4 135.56 OK
r-devel-linux-x86_64-fedora-gcc 0.1.4 123.29 OK
r-devel-windows-x86_64 0.1.4 19.00 91.00 110.00 OK
r-patched-linux-x86_64 0.1.4 16.07 65.34 81.41 OK
r-release-linux-x86_64 0.1.4 16.08 64.06 80.14 OK
r-release-macos-arm64 0.1.4 56.00 OK
r-release-macos-x86_64 0.1.4 78.00 OK
r-release-windows-x86_64 0.1.4 18.00 92.00 110.00 OK
r-oldrel-macos-arm64 0.1.4 46.00 OK
r-oldrel-macos-x86_64 0.1.4 57.00 OK
r-oldrel-windows-x86_64 0.1.4 23.00 110.00 133.00 OK

Check Details

Version: 0.1.4
Check: CRAN incoming feasibility
Result: NOTE Maintainer: ‘Carlos Alberto Cardozo Delgado <cardozorpackages@gmail.com>’ No Authors@R field in DESCRIPTION. Please add one, modifying Authors@R: person(given = c("Carlos", "Alberto", "Cardozo"), family = "Delgado", role = c("aut", "cre"), email = "cardozorpackages@gmail.com") as necessary. Flavors: r-devel-linux-x86_64-debian-clang, r-devel-linux-x86_64-debian-gcc