Last updated on 2024-05-23 14:48:19 CEST.
Flavor | Version | Tinstall | Tcheck | Ttotal | Status | Flags |
---|---|---|---|---|---|---|
r-devel-linux-x86_64-debian-clang | 1.7.1 | 30.35 | 282.58 | 312.93 | NOTE | |
r-devel-linux-x86_64-debian-gcc | 1.7.1 | 19.45 | 205.90 | 225.35 | NOTE | |
r-devel-linux-x86_64-fedora-clang | 1.7.1 | 371.97 | NOTE | |||
r-devel-linux-x86_64-fedora-gcc | 1.7.1 | 368.52 | NOTE | |||
r-devel-windows-x86_64 | 1.7.1 | 25.00 | 246.00 | 271.00 | NOTE | |
r-patched-linux-x86_64 | 1.7.1 | 27.40 | 265.40 | 292.80 | NOTE | |
r-release-linux-x86_64 | 1.7.1 | 22.65 | 242.96 | 265.61 | NOTE | |
r-release-macos-arm64 | 1.7.1 | 105.00 | OK | |||
r-release-windows-x86_64 | 1.7.1 | 25.00 | 250.00 | 275.00 | NOTE | |
r-oldrel-macos-arm64 | 1.7.1 | 121.00 | OK | |||
r-oldrel-macos-x86_64 | 1.7.1 | 320.00 | OK | |||
r-oldrel-windows-x86_64 | 1.7.1 | 33.00 | 296.00 | 329.00 | OK |
Version: 1.7.1
Check: HTML version of manual
Result: NOTE
Found the following HTML validation problems:
tnorm.html:113:32 (tnorm.Rd:74): Warning: trimming empty <code>
Flavors: r-devel-linux-x86_64-debian-clang, r-devel-linux-x86_64-debian-gcc, r-devel-linux-x86_64-fedora-clang, r-devel-linux-x86_64-fedora-gcc, r-devel-windows-x86_64, r-patched-linux-x86_64, r-release-linux-x86_64, r-release-windows-x86_64