Last updated on 2025-07-13 04:48:54 CEST.
Flavor | Version | Tinstall | Tcheck | Ttotal | Status | Flags |
---|---|---|---|---|---|---|
r-devel-linux-x86_64-debian-clang | 11.3.5.101 | 12.51 | 46.43 | 58.94 | OK | |
r-devel-linux-x86_64-debian-gcc | 11.3.5.101 | 7.66 | 34.11 | 41.77 | OK | |
r-devel-linux-x86_64-fedora-clang | 11.3.5.101 | 91.71 | NOTE | |||
r-devel-linux-x86_64-fedora-gcc | 11.3.5.101 | 98.55 | NOTE | |||
r-devel-windows-x86_64 | 11.3.5.101 | 14.00 | 61.00 | 75.00 | OK | |
r-patched-linux-x86_64 | 11.3.5.101 | 11.29 | 42.55 | 53.84 | OK | |
r-release-linux-x86_64 | 11.3.5.101 | 11.58 | 42.62 | 54.20 | OK | |
r-release-macos-arm64 | 11.3.5.101 | 53.00 | OK | |||
r-release-macos-x86_64 | 11.3.5.101 | 61.00 | OK | |||
r-release-windows-x86_64 | 11.3.5.101 | 13.00 | 65.00 | 78.00 | OK | |
r-oldrel-macos-arm64 | 11.3.5.101 | 34.00 | OK | |||
r-oldrel-macos-x86_64 | 11.3.5.101 | 52.00 | OK | |||
r-oldrel-windows-x86_64 | 11.3.5.101 | 17.00 | 77.00 | 94.00 | OK |
Version: 11.3.5.101
Check: dependencies in R code
Result: NOTE
Namespaces in Imports field not imported from:
‘markdown’ ‘methods’ ‘vctrs’
All declared Imports should be used.
Flavors: r-devel-linux-x86_64-fedora-clang, r-devel-linux-x86_64-fedora-gcc