Last updated on 2025-07-12 22:49:16 CEST.
Flavor | Version | Tinstall | Tcheck | Ttotal | Status | Flags |
---|---|---|---|---|---|---|
r-devel-linux-x86_64-debian-clang | 4.2.2 | 567.52 | 51.72 | 619.24 | OK | |
r-devel-linux-x86_64-debian-gcc | 4.2.2 | 548.32 | 39.76 | 588.08 | OK | |
r-devel-linux-x86_64-fedora-clang | 4.2.2 | 1320.64 | OK | |||
r-devel-linux-x86_64-fedora-gcc | 4.2.2 | 1540.94 | OK | |||
r-devel-windows-x86_64 | 4.2.2 | 771.00 | 130.00 | 901.00 | OK | |
r-patched-linux-x86_64 | 4.2.2 | 763.36 | 49.67 | 813.03 | OK | |
r-release-linux-x86_64 | 4.2.2 | 764.00 | 49.50 | 813.50 | OK | |
r-release-macos-arm64 | 4.2.2 | 300.00 | OK | |||
r-release-macos-x86_64 | 4.2.2 | 247.00 | OK | |||
r-release-windows-x86_64 | 4.2.2 | 771.00 | 123.00 | 894.00 | OK | |
r-oldrel-macos-arm64 | 4.2.2 | 310.00 | NOTE | |||
r-oldrel-macos-x86_64 | 4.2.2 | 267.00 | NOTE | |||
r-oldrel-windows-x86_64 | 4.2.2 | 981.00 | 141.00 | 1122.00 | OK |
Version: 4.2.2
Check: installed package size
Result: NOTE
installed size is 96.6Mb
sub-directories of 1Mb or more:
libs 96.4Mb
Flavors: r-oldrel-macos-arm64, r-oldrel-macos-x86_64