Last updated on 2025-07-12 22:49:16 CEST.
Flavor | Version | Tinstall | Tcheck | Ttotal | Status | Flags |
---|---|---|---|---|---|---|
r-devel-linux-x86_64-debian-clang | 0.6.2 | 7.49 | 152.70 | 160.19 | NOTE | |
r-devel-linux-x86_64-debian-gcc | 0.6.2 | 5.55 | 108.47 | 114.02 | NOTE | |
r-devel-linux-x86_64-fedora-clang | 0.6.2 | 254.17 | NOTE | |||
r-devel-linux-x86_64-fedora-gcc | 0.6.2 | 257.80 | NOTE | |||
r-devel-windows-x86_64 | 0.6.2 | 11.00 | 194.00 | 205.00 | NOTE | |
r-patched-linux-x86_64 | 0.6.2 | 7.99 | 146.62 | 154.61 | NOTE | |
r-release-linux-x86_64 | 0.6.2 | 8.10 | 147.24 | 155.34 | NOTE | |
r-release-macos-arm64 | 0.6.2 | 80.00 | NOTE | |||
r-release-macos-x86_64 | 0.6.2 | 231.00 | NOTE | |||
r-release-windows-x86_64 | 0.6.2 | 12.00 | 202.00 | 214.00 | NOTE | |
r-oldrel-macos-arm64 | 0.6.2 | 92.00 | OK | |||
r-oldrel-macos-x86_64 | 0.6.2 | 119.00 | OK | |||
r-oldrel-windows-x86_64 | 0.6.2 | 15.00 | 246.00 | 261.00 | OK |
Version: 0.6.2
Check: DESCRIPTION meta-information
Result: NOTE
Missing dependency on R >= 4.1.0 because package code uses the pipe
|> or function shorthand \(...) syntax added in R 4.1.0.
File(s) using such syntax:
‘accessors.R’ ‘export_json.R’ ‘extract.R’
Flavors: r-devel-linux-x86_64-debian-clang, r-devel-linux-x86_64-debian-gcc, r-devel-linux-x86_64-fedora-clang, r-devel-linux-x86_64-fedora-gcc, r-devel-windows-x86_64, r-patched-linux-x86_64, r-release-linux-x86_64, r-release-macos-arm64, r-release-macos-x86_64, r-release-windows-x86_64