Last updated on 2025-07-12 22:49:16 CEST.
Flavor | Version | Tinstall | Tcheck | Ttotal | Status | Flags |
---|---|---|---|---|---|---|
r-devel-linux-x86_64-debian-clang | 1.23.0 | 112.62 | 327.09 | 439.71 | OK | |
r-devel-linux-x86_64-debian-gcc | 1.23.0 | 77.30 | 207.08 | 284.38 | OK | |
r-devel-linux-x86_64-fedora-clang | 1.23.0 | 747.15 | OK | |||
r-devel-linux-x86_64-fedora-gcc | 1.23.0 | 741.27 | OK | |||
r-devel-windows-x86_64 | 1.23.0 | 118.00 | 240.00 | 358.00 | OK | --no-vignettes |
r-patched-linux-x86_64 | 1.23.0 | 119.83 | 306.63 | 426.46 | OK | |
r-release-linux-x86_64 | 1.23.0 | 112.43 | 306.60 | 419.03 | OK | |
r-release-macos-arm64 | 1.23.0 | 145.00 | OK | |||
r-release-macos-x86_64 | 1.23.0 | 260.00 | OK | |||
r-release-windows-x86_64 | 1.23.0 | 124.00 | 244.00 | 368.00 | OK | --no-vignettes |
r-oldrel-macos-arm64 | 1.23.0 | 162.00 | NOTE | |||
r-oldrel-macos-x86_64 | 1.23.0 | 265.00 | NOTE | |||
r-oldrel-windows-x86_64 | 1.23.0 | 147.00 | 291.00 | 438.00 | NOTE | --no-vignettes |
Version: 1.23.0
Check: installed package size
Result: NOTE
installed size is 10.2Mb
sub-directories of 1Mb or more:
doc 2.4Mb
libs 5.9Mb
Flavors: r-oldrel-macos-arm64, r-oldrel-macos-x86_64
Version: 1.23.0
Flags: --no-vignettes
Check: installed package size
Result: NOTE
installed size is 5.7Mb
sub-directories of 1Mb or more:
doc 2.5Mb
libs 1.5Mb
Flavor: r-oldrel-windows-x86_64