Last updated on 2024-06-20 02:57:23 CEST.
Flavor | Version | Tinstall | Tcheck | Ttotal | Status | Flags |
---|---|---|---|---|---|---|
r-devel-linux-x86_64-debian-clang | 1.2.3 | 213.57 | 142.77 | 356.34 | OK | |
r-devel-linux-x86_64-debian-gcc | 1.2.3 | 131.54 | 106.54 | 238.08 | OK | |
r-devel-linux-x86_64-fedora-clang | 1.2.3 | 500.88 | OK | |||
r-devel-linux-x86_64-fedora-gcc | 1.2.3 | 497.83 | OK | |||
r-devel-windows-x86_64 | 1.2.3 | 154.00 | 153.00 | 307.00 | OK | |
r-patched-linux-x86_64 | 1.2.3 | 162.40 | 138.26 | 300.66 | OK | |
r-release-linux-x86_64 | 1.2.3 | 162.35 | 136.98 | 299.33 | OK | |
r-release-macos-arm64 | 1.2.3 | 105.00 | NOTE | |||
r-release-macos-x86_64 | 1.2.3 | 123.00 | NOTE | |||
r-release-windows-x86_64 | 1.2.3 | 148.00 | 153.00 | 301.00 | OK | |
r-oldrel-macos-arm64 | 1.2.3 | 113.00 | NOTE | |||
r-oldrel-macos-x86_64 | 1.2.3 | 202.00 | NOTE | |||
r-oldrel-windows-x86_64 | 1.2.3 | 185.00 | 179.00 | 364.00 | OK |
Version: 1.2.3
Check: installed package size
Result: NOTE
installed size is 6.7Mb
sub-directories of 1Mb or more:
doc 1.6Mb
libs 4.9Mb
Flavors: r-release-macos-arm64, r-release-macos-x86_64, r-oldrel-macos-arm64, r-oldrel-macos-x86_64