CRAN Package Check Results for Package nftbart

Last updated on 2025-07-12 22:49:16 CEST.

Flavor Version Tinstall Tcheck Ttotal Status Flags
r-devel-linux-x86_64-debian-clang 2.1 26.55 68.69 95.24 NOTE
r-devel-linux-x86_64-debian-gcc 2.1 20.98 50.28 71.26 NOTE
r-devel-linux-x86_64-fedora-clang 2.1 144.18 NOTE
r-devel-linux-x86_64-fedora-gcc 2.1 153.27 NOTE
r-devel-windows-x86_64 2.1 28.00 101.00 129.00 NOTE
r-patched-linux-x86_64 2.1 30.69 65.30 95.99 NOTE
r-release-linux-x86_64 2.1 28.99 65.65 94.64 NOTE
r-release-macos-arm64 2.1 50.00 NOTE
r-release-macos-x86_64 2.1 91.00 NOTE
r-release-windows-x86_64 2.1 28.00 109.00 137.00 NOTE
r-oldrel-macos-arm64 2.1 45.00 NOTE
r-oldrel-macos-x86_64 2.1 66.00 NOTE
r-oldrel-windows-x86_64 2.1 37.00 115.00 152.00 NOTE

Check Details

Version: 2.1
Check: C++ specification
Result: NOTE Specified C++14: please drop specification unless essential Flavors: r-devel-linux-x86_64-debian-clang, r-devel-linux-x86_64-debian-gcc, r-devel-linux-x86_64-fedora-clang, r-devel-linux-x86_64-fedora-gcc, r-devel-windows-x86_64, r-patched-linux-x86_64, r-release-linux-x86_64, r-release-macos-arm64, r-release-macos-x86_64, r-release-windows-x86_64, r-oldrel-macos-arm64, r-oldrel-macos-x86_64, r-oldrel-windows-x86_64

Version: 2.1
Check: for unstated dependencies in ‘demo’
Result: NOTE 'library' or 'require' call not declared from: ‘lattice’ Flavors: r-devel-linux-x86_64-debian-clang, r-devel-linux-x86_64-debian-gcc, r-patched-linux-x86_64, r-release-linux-x86_64