CRAN Package Check Results for Package npIntFactRep

Last updated on 2025-07-13 04:48:55 CEST.

Flavor Version Tinstall Tcheck Ttotal Status Flags
r-devel-linux-x86_64-debian-clang 1.5 11.27 82.67 93.94 NOTE
r-devel-linux-x86_64-debian-gcc 1.5 7.43 59.77 67.20 NOTE
r-devel-linux-x86_64-fedora-clang 1.5 154.65 OK
r-devel-linux-x86_64-fedora-gcc 1.5 137.50 OK
r-devel-windows-x86_64 1.5 13.00 89.00 102.00 OK
r-patched-linux-x86_64 1.5 10.30 77.94 88.24 OK
r-release-linux-x86_64 1.5 9.92 78.14 88.06 OK
r-release-macos-arm64 1.5 49.00 OK
r-release-macos-x86_64 1.5 77.00 OK
r-release-windows-x86_64 1.5 11.00 102.00 113.00 OK
r-oldrel-macos-arm64 1.5 39.00 OK
r-oldrel-macos-x86_64 1.5 56.00 OK
r-oldrel-windows-x86_64 1.5 15.00 108.00 123.00 OK

Check Details

Version: 1.5
Check: CRAN incoming feasibility
Result: NOTE Maintainer: ‘Jos Feys <jos.feys@faber.kuleuven.be>’ No Authors@R field in DESCRIPTION. Please add one, modifying Authors@R: person(given = "Jos", family = "Feys", role = c("aut", "cre"), email = "jos.feys@faber.kuleuven.be") as necessary. Flavors: r-devel-linux-x86_64-debian-clang, r-devel-linux-x86_64-debian-gcc