Last updated on 2025-07-12 22:49:16 CEST.
Flavor | Version | Tinstall | Tcheck | Ttotal | Status | Flags |
---|---|---|---|---|---|---|
r-devel-linux-x86_64-debian-clang | 1.8-3 | 199.32 | 599.34 | 798.66 | OK | |
r-devel-linux-x86_64-debian-gcc | 1.8-3 | 134.61 | 381.04 | 515.65 | OK | |
r-devel-linux-x86_64-fedora-clang | 1.8-3 | 1421.71 | OK | |||
r-devel-linux-x86_64-fedora-gcc | 1.8-3 | 1242.43 | OK | |||
r-devel-windows-x86_64 | 1.8-3 | 222.00 | 745.00 | 967.00 | OK | |
r-patched-linux-x86_64 | 1.8-3 | 235.90 | 571.31 | 807.21 | OK | |
r-release-linux-x86_64 | 1.8-3 | 198.68 | 567.50 | 766.18 | OK | |
r-release-macos-arm64 | 1.8-3 | 340.00 | OK | |||
r-release-macos-x86_64 | 1.8-3 | 739.00 | OK | |||
r-release-windows-x86_64 | 1.8-3 | 222.00 | 780.00 | 1002.00 | OK | |
r-oldrel-macos-arm64 | 1.8-3 | 327.00 | NOTE | |||
r-oldrel-macos-x86_64 | 1.8-3 | 878.00 | NOTE | |||
r-oldrel-windows-x86_64 | 1.8-3 | 273.00 | 933.00 | 1206.00 | NOTE |
Version: 1.8-3
Check: installed package size
Result: NOTE
installed size is 16.1Mb
sub-directories of 1Mb or more:
R 3.1Mb
data 1.0Mb
doc 1.7Mb
help 3.8Mb
libs 5.9Mb
Flavors: r-oldrel-macos-arm64, r-oldrel-macos-x86_64, r-oldrel-windows-x86_64