CRAN Package Check Results for Package odds.n.ends

Last updated on 2025-07-13 04:48:55 CEST.

Flavor Version Tinstall Tcheck Ttotal Status Flags
r-devel-linux-x86_64-debian-clang 0.1.4 1.46 20.84 22.30 OK
r-devel-linux-x86_64-debian-gcc 0.1.4 1.31 17.95 19.26 OK
r-devel-linux-x86_64-fedora-clang 0.1.4 38.67 NOTE
r-devel-linux-x86_64-fedora-gcc 0.1.4 49.41 NOTE
r-devel-windows-x86_64 0.1.4 3.00 43.00 46.00 OK
r-patched-linux-x86_64 0.1.4 1.55 20.10 21.65 OK
r-release-linux-x86_64 0.1.4 1.58 19.69 21.27 OK
r-release-macos-arm64 0.1.4 23.00 OK
r-release-macos-x86_64 0.1.4 40.00 OK
r-release-windows-x86_64 0.1.4 2.00 49.00 51.00 OK
r-oldrel-macos-arm64 0.1.4 22.00 OK
r-oldrel-macos-x86_64 0.1.4 32.00 OK
r-oldrel-windows-x86_64 0.1.4 2.00 46.00 48.00 OK

Check Details

Version: 0.1.4
Check: dependencies in R code
Result: NOTE Namespace in Imports field not imported from: ‘MASS’ All declared Imports should be used. Flavors: r-devel-linux-x86_64-fedora-clang, r-devel-linux-x86_64-fedora-gcc