Last updated on 2024-06-20 02:57:24 CEST.
Flavor | Version | Tinstall | Tcheck | Ttotal | Status | Flags |
---|---|---|---|---|---|---|
r-devel-linux-x86_64-debian-clang | 0.2.1 | 7.39 | 145.27 | 152.66 | OK | |
r-devel-linux-x86_64-debian-gcc | 0.2.1 | 6.00 | 106.00 | 112.00 | OK | |
r-devel-linux-x86_64-fedora-clang | 0.2.2 | 493.53 | OK | |||
r-devel-linux-x86_64-fedora-gcc | 0.2.2 | 504.89 | OK | |||
r-devel-windows-x86_64 | 0.2.1 | 8.00 | 117.00 | 125.00 | OK | |
r-patched-linux-x86_64 | 0.2.1 | 7.25 | 136.54 | 143.79 | OK | |
r-release-linux-x86_64 | 0.2.1 | 8.70 | 141.29 | 149.99 | OK | |
r-release-macos-arm64 | 0.2.2 | 113.00 | OK | |||
r-release-macos-x86_64 | 0.2.2 | 305.00 | OK | |||
r-release-windows-x86_64 | 0.2.2 | 14.00 | 223.00 | 237.00 | OK | |
r-oldrel-macos-arm64 | 0.2.2 | 125.00 | ERROR | |||
r-oldrel-macos-x86_64 | 0.2.2 | 208.00 | ERROR | |||
r-oldrel-windows-x86_64 | 0.2.1 | 11.00 | 131.00 | 142.00 | OK |
Version: 0.2.2
Check: running R code from vignettes
Result: ERROR
Errors in running code in vignettes:
when running code in ‘a02_concept_set.Rmd’
...
> condition_codes <- list(c(201820, 4087682, 3655269))
> newCodelist(condition_codes)
When sourcing ‘a02_concept_set.R’:
Error: ! `x` must be named.
`x` must be a list with objects of class numeric and integer; it can not
contain NA; it has to be named; it can not be NULL.
Execution halted
‘a01_cdm_reference.Rmd’ using ‘UTF-8’... [1s/1s] OK
‘a02_concept_set.Rmd’ using ‘UTF-8’... failed
‘a03_cohort_table.Rmd’ using ‘UTF-8’... [4s/5s] OK
‘a04_summarised_result.Rmd’ using ‘UTF-8’... [1s/2s] OK
‘reexport.Rmd’ using ‘UTF-8’... [0s/0s] OK
Flavor: r-oldrel-macos-arm64
Version: 0.2.2
Check: running R code from vignettes
Result: ERROR
Errors in running code in vignettes:
when running code in ‘a02_concept_set.Rmd’
...
> condition_codes <- list(c(201820, 4087682, 3655269))
> newCodelist(condition_codes)
When sourcing ‘a02_concept_set.R’:
Error: ! `x` must be named.
`x` must be a list with objects of class numeric and integer; it can not
contain NA; it has to be named; it can not be NULL.
Execution halted
‘a01_cdm_reference.Rmd’ using ‘UTF-8’... [1s/1s] OK
‘a02_concept_set.Rmd’ using ‘UTF-8’... failed
‘a03_cohort_table.Rmd’ using ‘UTF-8’... [6s/9s] OK
‘a04_summarised_result.Rmd’ using ‘UTF-8’... [2s/3s] OK
‘reexport.Rmd’ using ‘UTF-8’... [0s/0s] OK
Flavor: r-oldrel-macos-x86_64