Last updated on 2024-06-19 20:58:35 CEST.
Flavor | Version | Tinstall | Tcheck | Ttotal | Status | Flags |
---|---|---|---|---|---|---|
r-devel-linux-x86_64-debian-clang | 0.6.1 | 14.76 | 392.62 | 407.38 | OK | |
r-devel-linux-x86_64-debian-gcc | 0.6.1 | 13.11 | 270.39 | 283.50 | OK | |
r-devel-linux-x86_64-fedora-clang | 0.6.1 | 7.35 | ERROR | |||
r-devel-linux-x86_64-fedora-gcc | 0.6.1 | 464.34 | OK | |||
r-devel-windows-x86_64 | 0.6.1 | 14.00 | 257.00 | 271.00 | OK | |
r-patched-linux-x86_64 | 0.6.1 | 11.05 | 362.26 | 373.31 | OK | |
r-release-linux-x86_64 | 0.6.1 | 11.05 | 361.21 | 372.26 | OK | |
r-release-macos-arm64 | 0.6.1 | 135.00 | OK | |||
r-release-macos-x86_64 | 0.6.1 | 200.00 | OK | |||
r-release-windows-x86_64 | 0.6.1 | 14.00 | 264.00 | 278.00 | OK | |
r-oldrel-macos-arm64 | 0.6.1 | 145.00 | OK | |||
r-oldrel-macos-x86_64 | 0.6.1 | 386.00 | OK | |||
r-oldrel-windows-x86_64 | 0.6.1 | 20.00 | 336.00 | 356.00 | OK |
Version: 0.6.1
Check: whether package can be installed
Result: ERROR
Installation failed.
Flavor: r-devel-linux-x86_64-fedora-clang