Last updated on 2025-07-13 04:48:55 CEST.
Flavor | Version | Tinstall | Tcheck | Ttotal | Status | Flags |
---|---|---|---|---|---|---|
r-devel-linux-x86_64-debian-clang | 0.1-8 | 1.99 | 21.13 | 23.12 | NOTE | |
r-devel-linux-x86_64-debian-gcc | 0.1-8 | 1.51 | 17.41 | 18.92 | NOTE | |
r-devel-linux-x86_64-fedora-clang | 0.1-8 | 36.58 | OK | |||
r-devel-linux-x86_64-fedora-gcc | 0.1-8 | 34.03 | OK | |||
r-devel-windows-x86_64 | 0.1-8 | 3.00 | 45.00 | 48.00 | OK | |
r-patched-linux-x86_64 | 0.1-8 | 2.32 | 20.09 | 22.41 | OK | |
r-release-linux-x86_64 | 0.1-8 | 1.89 | 19.87 | 21.76 | OK | |
r-release-macos-arm64 | 0.1-8 | 17.00 | OK | |||
r-release-macos-x86_64 | 0.1-8 | 26.00 | OK | |||
r-release-windows-x86_64 | 0.1-8 | 3.00 | 48.00 | 51.00 | OK | |
r-oldrel-macos-arm64 | 0.1-8 | 20.00 | OK | |||
r-oldrel-macos-x86_64 | 0.1-8 | 22.00 | OK | |||
r-oldrel-windows-x86_64 | 0.1-8 | 3.00 | 46.00 | 49.00 | OK |
Version: 0.1-8
Check: CRAN incoming feasibility
Result: NOTE
Maintainer: ‘Romain Francois <romain@r-enthusiasts.com>’
No Authors@R field in DESCRIPTION.
Please add one, modifying
Authors@R: person(given = "Romain",
family = "Francois",
role = c("aut", "cre"),
email = "romain@r-enthusiasts.com")
as necessary.
Flavors: r-devel-linux-x86_64-debian-clang, r-devel-linux-x86_64-debian-gcc