Last updated on 2024-06-13 00:55:25 CEST.
Flavor | Version | Tinstall | Tcheck | Ttotal | Status | Flags |
---|---|---|---|---|---|---|
r-devel-linux-x86_64-debian-clang | 2.1 | 6.16 | 65.51 | 71.67 | OK | |
r-devel-linux-x86_64-debian-gcc | 2.1 | 0.33 | 1.72 | 2.05 | ERROR | |
r-devel-linux-x86_64-fedora-clang | 2.1 | 90.93 | OK | |||
r-devel-linux-x86_64-fedora-gcc | 2.1 | 84.74 | OK | |||
r-devel-windows-x86_64 | 2.1 | 6.00 | 66.00 | 72.00 | OK | |
r-patched-linux-x86_64 | 2.1 | 4.38 | 64.10 | 68.48 | OK | |
r-release-linux-x86_64 | 2.1 | 3.76 | 63.20 | 66.96 | OK | |
r-release-macos-arm64 | 2.1 | 28.00 | OK | |||
r-release-macos-x86_64 | 2.1 | 43.00 | OK | |||
r-release-windows-x86_64 | 2.1 | 6.00 | 67.00 | 73.00 | OK | |
r-oldrel-macos-arm64 | 2.1 | 28.00 | OK | |||
r-oldrel-macos-x86_64 | 2.1 | 40.00 | OK | |||
r-oldrel-windows-x86_64 | 2.1 | 7.00 | 78.00 | 85.00 | OK |
Version: 2.1
Check: package dependencies
Result: ERROR
Packages required but not available: 'ggplot2', 'testthat'
See section ‘The DESCRIPTION file’ in the ‘Writing R Extensions’
manual.
Flavor: r-devel-linux-x86_64-debian-gcc