Last updated on 2025-07-13 04:48:55 CEST.
Flavor | Version | Tinstall | Tcheck | Ttotal | Status | Flags |
---|---|---|---|---|---|---|
r-devel-linux-x86_64-debian-clang | 0.9.0 | 1489.34 | 467.51 | 1956.85 | OK | |
r-devel-linux-x86_64-debian-gcc | 0.9.0 | 1273.39 | 309.43 | 1582.82 | OK | |
r-devel-linux-x86_64-fedora-clang | 0.9.0 | 3668.65 | OK | |||
r-devel-linux-x86_64-fedora-gcc | 0.9.0 | 2815.38 | OK | |||
r-devel-windows-x86_64 | 0.9.0 | 1024.00 | 599.00 | 1623.00 | OK | |
r-patched-linux-x86_64 | 0.9.0 | 1768.67 | 439.99 | 2208.66 | OK | |
r-release-linux-x86_64 | 0.9.0 | 1700.39 | 435.68 | 2136.07 | OK | |
r-release-macos-arm64 | 0.9.0 | 1803.00 | OK | |||
r-release-macos-x86_64 | 0.9.0 | 1802.00 | ERROR | |||
r-release-windows-x86_64 | 0.9.0 | 1221.00 | 649.00 | 1870.00 | OK | |
r-oldrel-macos-arm64 | 0.9.0 | 1758.00 | NOTE | |||
r-oldrel-macos-x86_64 | 0.9.0 | 1238.00 | NOTE | |||
r-oldrel-windows-x86_64 | 0.9.0 | 1678.00 | 649.00 | 2327.00 | NOTE |
Version: 0.9.0
Check: whether package can be installed
Result: ERROR
Installation failed.
Flavor: r-release-macos-x86_64
Version: 0.9.0
Check: installed package size
Result: NOTE
installed size is 11.5Mb
sub-directories of 1Mb or more:
R 8.4Mb
help 2.8Mb
Flavors: r-oldrel-macos-arm64, r-oldrel-macos-x86_64, r-oldrel-windows-x86_64