Last updated on 2025-11-05 09:52:33 CET.
| Flavor | Version | Tinstall | Tcheck | Ttotal | Status | Flags |
|---|---|---|---|---|---|---|
| r-devel-linux-x86_64-debian-clang | 0.9.0 | 1677.33 | 491.04 | 2168.37 | OK | |
| r-devel-linux-x86_64-debian-gcc | 0.9.0 | 812.15 | 320.95 | 1133.10 | OK | |
| r-devel-linux-x86_64-fedora-clang | 0.9.0 | 3960.00 | -19.49 | 3940.51 | OK | |
| r-devel-linux-x86_64-fedora-gcc | 0.9.0 | 3900.00 | -289.49 | 3610.51 | OK | |
| r-devel-windows-x86_64 | 0.9.0 | 1080.00 | 675.00 | 1755.00 | OK | |
| r-patched-linux-x86_64 | 0.9.0 | 1306.46 | 462.54 | 1769.00 | OK | |
| r-release-linux-x86_64 | 0.9.0 | 1260.29 | 464.42 | 1724.71 | OK | |
| r-release-macos-arm64 | 0.9.0 | 1803.00 | OK | |||
| r-release-macos-x86_64 | 0.9.0 | 1800.00 | 2.00 | 1802.00 | ERROR | |
| r-release-windows-x86_64 | 0.9.0 | 1068.00 | 567.00 | 1635.00 | OK | |
| r-oldrel-macos-arm64 | 0.9.0 | 1620.00 | 138.00 | 1758.00 | NOTE | |
| r-oldrel-macos-x86_64 | 0.9.0 | 1080.00 | 158.00 | 1238.00 | NOTE | |
| r-oldrel-windows-x86_64 | 0.9.0 | 2538.00 | 752.00 | 3290.00 | NOTE |
Version: 0.9.0
Check: whether package can be installed
Result: ERROR
Installation failed.
Flavor: r-release-macos-x86_64
Version: 0.9.0
Check: installed package size
Result: NOTE
installed size is 11.5Mb
sub-directories of 1Mb or more:
R 8.4Mb
help 2.8Mb
Flavors: r-oldrel-macos-arm64, r-oldrel-macos-x86_64, r-oldrel-windows-x86_64