Last updated on 2025-11-05 09:52:33 CET.
| Flavor | Version | Tinstall | Tcheck | Ttotal | Status | Flags |
|---|---|---|---|---|---|---|
| r-devel-linux-x86_64-debian-clang | 0.9.0 | 98.88 | 245.96 | 344.84 | OK | |
| r-devel-linux-x86_64-debian-gcc | 0.9.0 | 55.39 | 163.98 | 219.37 | OK | |
| r-devel-linux-x86_64-fedora-clang | 0.9.0 | 244.00 | 268.02 | 512.02 | OK | |
| r-devel-linux-x86_64-fedora-gcc | 0.9.0 | 209.00 | 255.94 | 464.94 | OK | |
| r-devel-windows-x86_64 | 0.9.0 | 93.00 | 419.00 | 512.00 | OK | |
| r-patched-linux-x86_64 | 0.9.0 | 102.13 | 229.76 | 331.89 | OK | |
| r-release-linux-x86_64 | 0.9.0 | 87.31 | 228.96 | 316.27 | OK | |
| r-release-macos-arm64 | 0.9.0 | 62.00 | 96.00 | 158.00 | OK | |
| r-release-macos-x86_64 | 0.9.0 | 101.00 | 173.00 | 274.00 | OK | |
| r-release-windows-x86_64 | 0.9.0 | 91.00 | 344.00 | 435.00 | OK | |
| r-oldrel-macos-arm64 | 0.9.0 | 36.00 | 80.00 | 116.00 | NOTE | |
| r-oldrel-macos-x86_64 | 0.9.0 | 94.00 | 154.00 | 248.00 | NOTE | |
| r-oldrel-windows-x86_64 | 0.9.0 | 127.00 | 485.00 | 612.00 | OK |
Version: 0.9.0
Check: installed package size
Result: NOTE
installed size is 5.7Mb
sub-directories of 1Mb or more:
R 3.1Mb
help 2.5Mb
Flavors: r-oldrel-macos-arm64, r-oldrel-macos-x86_64