Last updated on 2025-07-13 04:48:56 CEST.
Flavor | Version | Tinstall | Tcheck | Ttotal | Status | Flags |
---|---|---|---|---|---|---|
r-devel-linux-x86_64-debian-clang | 1.0.6 | 34.61 | 61.34 | 95.95 | OK | |
r-devel-linux-x86_64-debian-gcc | 1.0.6 | 25.76 | 46.61 | 72.37 | OK | |
r-devel-linux-x86_64-fedora-clang | 1.0.6 | 147.23 | OK | |||
r-devel-linux-x86_64-fedora-gcc | 1.0.6 | 142.72 | OK | |||
r-devel-windows-x86_64 | 1.0.6 | 28.00 | 94.00 | 122.00 | OK | |
r-patched-linux-x86_64 | 1.0.6 | 42.56 | 57.85 | 100.41 | OK | |
r-release-linux-x86_64 | 1.0.6 | 39.44 | 57.97 | 97.41 | OK | |
r-release-macos-arm64 | 1.0.6 | 55.00 | OK | |||
r-release-macos-x86_64 | 1.0.6 | 127.00 | OK | |||
r-release-windows-x86_64 | 1.0.6 | 29.00 | 97.00 | 126.00 | OK | |
r-oldrel-macos-arm64 | 1.0.6 | 75.00 | NOTE | |||
r-oldrel-macos-x86_64 | 1.0.6 | 110.00 | OK | |||
r-oldrel-windows-x86_64 | 1.0.6 | 47.00 | 116.00 | 163.00 | OK |
Version: 1.0.6
Check: installed package size
Result: NOTE
installed size is 5.2Mb
sub-directories of 1Mb or more:
libs 3.1Mb
Flavor: r-oldrel-macos-arm64