Last updated on 2025-07-12 22:49:17 CEST.
Flavor | Version | Tinstall | Tcheck | Ttotal | Status | Flags |
---|---|---|---|---|---|---|
r-devel-linux-x86_64-debian-clang | 0.2.0 | 18.96 | 133.13 | 152.09 | NOTE | |
r-devel-linux-x86_64-debian-gcc | 0.2.0 | 12.08 | 93.00 | 105.08 | NOTE | |
r-devel-linux-x86_64-fedora-clang | 0.2.0 | 213.18 | OK | |||
r-devel-linux-x86_64-fedora-gcc | 0.2.0 | 205.08 | OK | |||
r-devel-windows-x86_64 | 0.2.0 | 19.00 | 122.00 | 141.00 | OK | |
r-patched-linux-x86_64 | 0.2.0 | 17.92 | 126.28 | 144.20 | OK | |
r-release-linux-x86_64 | 0.2.0 | 15.40 | 124.02 | 139.42 | OK | |
r-release-macos-arm64 | 0.2.0 | 89.00 | OK | |||
r-release-macos-x86_64 | 0.2.0 | 120.00 | OK | |||
r-release-windows-x86_64 | 0.2.0 | 17.00 | 131.00 | 148.00 | OK | |
r-oldrel-macos-arm64 | 0.2.0 | 60.00 | OK | |||
r-oldrel-macos-x86_64 | 0.2.0 | 84.00 | OK | |||
r-oldrel-windows-x86_64 | 0.2.0 | 26.00 | 163.00 | 189.00 | OK |
Version: 0.2.0
Check: CRAN incoming feasibility
Result: NOTE
Maintainer: ‘Pariya Behrouzi <pariya.behrouzi@gmail.com>’
No Authors@R field in DESCRIPTION.
Please add one, modifying
Authors@R: c(person(given = "Willem",
family = "Kruijer",
role = "aut"),
person(given = "Pariya",
family = "Behrouzi",
role = c("aut", "cre"),
email = "pariya.behrouzi@gmail.com"),
person(given = c("Maria", "Xose"),
family = "Rodriguez-Alvarez",
role = "aut"))
as necessary.
Flavors: r-devel-linux-x86_64-debian-clang, r-devel-linux-x86_64-debian-gcc