CRAN Package Check Results for Package penppml

Last updated on 2025-07-13 04:48:56 CEST.

Flavor Version Tinstall Tcheck Ttotal Status Flags
r-devel-linux-x86_64-debian-clang 0.2.4 37.36 109.40 146.76 OK
r-devel-linux-x86_64-debian-gcc 0.2.4 27.49 81.32 108.81 OK
r-devel-linux-x86_64-fedora-clang 0.2.4 223.55 NOTE
r-devel-linux-x86_64-fedora-gcc 0.2.4 230.88 NOTE
r-devel-windows-x86_64 0.2.4 41.00 138.00 179.00 OK
r-patched-linux-x86_64 0.2.4 36.81 105.36 142.17 OK
r-release-linux-x86_64 0.2.4 36.89 104.49 141.38 OK
r-release-macos-arm64 0.2.4 72.00 OK
r-release-macos-x86_64 0.2.4 204.00 OK
r-release-windows-x86_64 0.2.4 41.00 148.00 189.00 OK
r-oldrel-macos-arm64 0.2.4 84.00 NOTE
r-oldrel-macos-x86_64 0.2.4 180.00 NOTE
r-oldrel-windows-x86_64 0.2.4 52.00 171.00 223.00 OK

Check Details

Version: 0.2.4
Check: dependencies in R code
Result: NOTE Namespace in Imports field not imported from: ‘fixest’ All declared Imports should be used. Flavors: r-devel-linux-x86_64-fedora-clang, r-devel-linux-x86_64-fedora-gcc

Version: 0.2.4
Check: installed package size
Result: NOTE installed size is 11.2Mb sub-directories of 1Mb or more: data 1.8Mb libs 9.1Mb Flavors: r-oldrel-macos-arm64, r-oldrel-macos-x86_64