Last updated on 2024-06-19 20:58:36 CEST.
Flavor | Version | Tinstall | Tcheck | Ttotal | Status | Flags |
---|---|---|---|---|---|---|
r-devel-linux-x86_64-debian-clang | 0.1.0 | 8.62 | 55.58 | 64.20 | OK | |
r-devel-linux-x86_64-debian-gcc | 0.1.0 | 5.65 | 42.98 | 48.63 | OK | |
r-devel-linux-x86_64-fedora-clang | 0.1.0 | 85.44 | NOTE | |||
r-devel-linux-x86_64-fedora-gcc | 0.1.0 | 89.90 | NOTE | |||
r-devel-windows-x86_64 | 0.1.0 | 8.00 | 63.00 | 71.00 | OK | |
r-patched-linux-x86_64 | 0.1.0 | 6.00 | 53.02 | 59.02 | OK | |
r-release-linux-x86_64 | 0.1.0 | 5.18 | 53.27 | 58.45 | OK | |
r-release-macos-arm64 | 0.1.0 | 37.00 | OK | |||
r-release-macos-x86_64 | 0.1.0 | 53.00 | OK | |||
r-release-windows-x86_64 | 0.1.0 | 8.00 | 65.00 | 73.00 | OK | |
r-oldrel-macos-arm64 | 0.1.0 | 37.00 | OK | |||
r-oldrel-macos-x86_64 | 0.1.0 | 50.00 | OK | |||
r-oldrel-windows-x86_64 | 0.1.0 | 10.00 | 70.00 | 80.00 | OK |
Version: 0.1.0
Check: data for non-ASCII characters
Result: NOTE
Note: found 114 marked UTF-8 strings
Flavors: r-devel-linux-x86_64-fedora-clang, r-devel-linux-x86_64-fedora-gcc