CRAN Package Check Results for Package phylobase

Last updated on 2025-07-13 04:48:56 CEST.

Flavor Version Tinstall Tcheck Ttotal Status Flags
r-devel-linux-x86_64-debian-clang 0.8.12 29.43 133.03 162.46 NOTE
r-devel-linux-x86_64-debian-gcc 0.8.12 21.45 93.11 114.56 NOTE
r-devel-linux-x86_64-fedora-clang 0.8.12 234.80 OK
r-devel-linux-x86_64-fedora-gcc 0.8.12 241.87 OK
r-devel-windows-x86_64 0.8.12 36.00 155.00 191.00 OK
r-patched-linux-x86_64 0.8.12 30.54 121.80 152.34 OK
r-release-linux-x86_64 0.8.12 25.95 121.18 147.13 OK
r-release-macos-arm64 0.8.12 74.00 OK
r-release-macos-x86_64 0.8.12 147.00 OK
r-release-windows-x86_64 0.8.12 36.00 162.00 198.00 OK
r-oldrel-macos-arm64 0.8.12 76.00 OK
r-oldrel-macos-x86_64 0.8.12 111.00 OK
r-oldrel-windows-x86_64 0.8.12 44.00 195.00 239.00 OK

Check Details

Version: 0.8.12
Check: CRAN incoming feasibility
Result: NOTE Maintainer: ‘Francois Michonneau <francois.michonneau@gmail.com>’ No Authors@R field in DESCRIPTION. Please add one, modifying Authors@R: c(person(given = c("R", "Hackathon", "et"), family = "al.", role = "aut", comment = "alphabetically: Ben Bolker, Marguerite Butler,\n Peter Cowan, Damien de Vienne, Dirk Eddelbuettel, Mark Holder, Thibaut\n Jombart, Steve Kembel, Francois Michonneau, David Orme, Brian O'Meara,\n Emmanuel Paradis, Jim Regetz, Derrick Zwickl"), person(given = "Francois", family = "Michonneau", role = "cre", email = "francois.michonneau@gmail.com")) as necessary. Flavors: r-devel-linux-x86_64-debian-clang, r-devel-linux-x86_64-debian-gcc