CRAN Package Check Results for Package plotGMM

Last updated on 2025-07-13 04:48:56 CEST.

Flavor Version Tinstall Tcheck Ttotal Status Flags
r-devel-linux-x86_64-debian-clang 0.2.2 1.79 36.19 37.98 OK
r-devel-linux-x86_64-debian-gcc 0.2.2 1.25 27.93 29.18 OK
r-devel-linux-x86_64-fedora-clang 0.2.2 59.59 OK
r-devel-linux-x86_64-fedora-gcc 0.2.2 56.44 OK
r-devel-windows-x86_64 0.2.2 3.00 61.00 64.00 OK
r-patched-linux-x86_64 0.2.2 1.83 35.60 37.43 OK
r-release-linux-x86_64 0.2.2 1.38 34.72 36.10 OK
r-release-macos-arm64 0.2.2 24.00 OK
r-release-macos-x86_64 0.2.2 36.00 OK
r-release-windows-x86_64 0.2.2 4.00 62.00 66.00 OK
r-oldrel-macos-arm64 0.2.2 25.00 NOTE
r-oldrel-macos-x86_64 0.2.2 31.00 NOTE
r-oldrel-windows-x86_64 0.2.2 4.00 68.00 72.00 NOTE

Check Details

Version: 0.2.2
Check: LazyData
Result: NOTE 'LazyData' is specified without a 'data' directory Flavors: r-oldrel-macos-arm64, r-oldrel-macos-x86_64, r-oldrel-windows-x86_64