Last updated on 2025-07-13 04:48:56 CEST.
Flavor | Version | Tinstall | Tcheck | Ttotal | Status | Flags |
---|---|---|---|---|---|---|
r-devel-linux-x86_64-debian-clang | 2.5.0 | 81.25 | 200.50 | 281.75 | OK | |
r-devel-linux-x86_64-debian-gcc | 2.5.0 | 54.29 | 134.55 | 188.84 | OK | |
r-devel-linux-x86_64-fedora-clang | 2.5.0 | 517.68 | OK | |||
r-devel-linux-x86_64-fedora-gcc | 2.5.0 | 484.82 | OK | |||
r-devel-windows-x86_64 | 2.5.0 | 91.00 | 237.00 | 328.00 | OK | |
r-patched-linux-x86_64 | 2.5.0 | 84.12 | 189.18 | 273.30 | OK | |
r-release-linux-x86_64 | 2.5.0 | 74.94 | 187.99 | 262.93 | OK | |
r-release-macos-arm64 | 2.5.0 | 99.00 | OK | |||
r-release-macos-x86_64 | 2.5.0 | 192.00 | OK | |||
r-release-windows-x86_64 | 2.5.0 | 95.00 | 250.00 | 345.00 | OK | |
r-oldrel-macos-arm64 | 2.5.0 | 104.00 | NOTE | |||
r-oldrel-macos-x86_64 | 2.5.0 | 227.00 | NOTE | |||
r-oldrel-windows-x86_64 | 2.5.0 | 117.00 | 299.00 | 416.00 | NOTE |
Version: 2.5.0
Check: package dependencies
Result: NOTE
Package suggested but not available for checking: ‘pmartRdata’
Flavors: r-oldrel-macos-arm64, r-oldrel-macos-x86_64, r-oldrel-windows-x86_64
Version: 2.5.0
Check: installed package size
Result: NOTE
installed size is 7.6Mb
sub-directories of 1Mb or more:
libs 5.0Mb
Flavors: r-oldrel-macos-arm64, r-oldrel-macos-x86_64