Last updated on 2024-05-23 14:48:21 CEST.
Flavor | Version | Tinstall | Tcheck | Ttotal | Status | Flags |
---|---|---|---|---|---|---|
r-devel-linux-x86_64-debian-clang | 0.12.1 | 32.93 | 283.81 | 316.74 | OK | |
r-devel-linux-x86_64-debian-gcc | 0.12.1 | 24.37 | 201.80 | 226.17 | OK | |
r-devel-linux-x86_64-fedora-clang | 0.12.1 | 369.16 | NOTE | |||
r-devel-linux-x86_64-fedora-gcc | 0.12.1 | 349.20 | NOTE | |||
r-devel-windows-x86_64 | 0.12.1 | 26.00 | 232.00 | 258.00 | OK | |
r-patched-linux-x86_64 | 0.12.1 | 28.41 | 263.93 | 292.34 | OK | |
r-release-linux-x86_64 | 0.12.1 | 17.55 | 270.33 | 287.88 | OK | |
r-release-macos-arm64 | 0.12.1 | 89.00 | OK | |||
r-release-macos-x86_64 | 0.12.1 | 284.00 | OK | |||
r-release-windows-x86_64 | 0.12.1 | 28.00 | 229.00 | 257.00 | OK | |
r-oldrel-macos-arm64 | 0.12.1 | 84.00 | OK | |||
r-oldrel-macos-x86_64 | 0.12.1 | 238.00 | OK | |||
r-oldrel-windows-x86_64 | 0.12.1 | 34.00 | 289.00 | 323.00 | OK |
Version: 0.12.1
Check: data for non-ASCII characters
Result: NOTE
Note: found 1 marked UTF-8 string
Flavors: r-devel-linux-x86_64-fedora-clang, r-devel-linux-x86_64-fedora-gcc