CRAN Package Check Results for Package poisDoubleSamp

Last updated on 2025-07-13 04:48:56 CEST.

Flavor Version Tinstall Tcheck Ttotal Status Flags
r-devel-linux-x86_64-debian-clang 1.1.1 13.80 29.81 43.61 NOTE
r-devel-linux-x86_64-debian-gcc 1.1.1 8.99 23.42 32.41 NOTE
r-devel-linux-x86_64-fedora-clang 1.1.1 81.73 OK
r-devel-linux-x86_64-fedora-gcc 1.1.1 65.51 OK
r-devel-windows-x86_64 1.1.1 17.00 69.00 86.00 OK
r-patched-linux-x86_64 1.1.1 12.68 28.09 40.77 OK
r-release-linux-x86_64 1.1.1 11.98 28.42 40.40 OK
r-release-macos-arm64 1.1.1 22.00 OK
r-release-macos-x86_64 1.1.1 36.00 OK
r-release-windows-x86_64 1.1.1 17.00 77.00 94.00 OK
r-oldrel-macos-arm64 1.1.1 27.00 OK
r-oldrel-macos-x86_64 1.1.1 32.00 OK
r-oldrel-windows-x86_64 1.1.1 18.00 95.00 113.00 OK

Check Details

Version: 1.1.1
Check: CRAN incoming feasibility
Result: NOTE Maintainer: ‘David Kahle <david@kahle.io>’ Package CITATION file contains call(s) to old-style citEntry(). Please use bibentry() instead. Flavors: r-devel-linux-x86_64-debian-clang, r-devel-linux-x86_64-debian-gcc