Last updated on 2025-07-12 22:49:18 CEST.
Flavor | Version | Tinstall | Tcheck | Ttotal | Status | Flags |
---|---|---|---|---|---|---|
r-devel-linux-x86_64-debian-clang | 2.0.0 | 52.15 | 136.12 | 188.27 | OK | |
r-devel-linux-x86_64-debian-gcc | 2.0.0 | 41.22 | 97.78 | 139.00 | OK | |
r-devel-linux-x86_64-fedora-clang | 2.0.0 | 343.80 | OK | |||
r-devel-linux-x86_64-fedora-gcc | 2.0.0 | 327.48 | OK | |||
r-devel-windows-x86_64 | 2.0.0 | 60.00 | 178.00 | 238.00 | OK | |
r-patched-linux-x86_64 | 2.0.0 | 62.02 | 131.61 | 193.63 | OK | |
r-release-linux-x86_64 | 2.0.0 | 57.67 | 129.59 | 187.26 | OK | |
r-release-macos-arm64 | 2.0.0 | 97.00 | OK | |||
r-release-macos-x86_64 | 2.0.0 | 165.00 | OK | |||
r-release-windows-x86_64 | 2.0.0 | 60.00 | 184.00 | 244.00 | OK | |
r-oldrel-macos-arm64 | 2.0.0 | 95.00 | NOTE | |||
r-oldrel-macos-x86_64 | 2.0.0 | 129.00 | NOTE | |||
r-oldrel-windows-x86_64 | 2.0.0 | 61.00 | 213.00 | 274.00 | NOTE |
Version: 2.0.0
Check: installed package size
Result: NOTE
installed size is 7.1Mb
sub-directories of 1Mb or more:
extdata 2.8Mb
libs 2.8Mb
Flavors: r-oldrel-macos-arm64, r-oldrel-macos-x86_64, r-oldrel-windows-x86_64