Last updated on 2024-06-16 13:53:37 CEST.
Flavor | Version | Tinstall | Tcheck | Ttotal | Status | Flags |
---|---|---|---|---|---|---|
r-devel-linux-x86_64-debian-clang | 1.0-0 | 5.70 | 525.40 | 531.10 | NOTE | |
r-devel-linux-x86_64-debian-gcc | 1.0-0 | 4.61 | 380.78 | 385.39 | NOTE | |
r-devel-linux-x86_64-fedora-clang | 1.0-0 | 604.97 | NOTE | |||
r-devel-linux-x86_64-fedora-gcc | 1.0-0 | 663.26 | NOTE | |||
r-devel-windows-x86_64 | 1.0-0 | 80.00 | 302.00 | 382.00 | NOTE | |
r-patched-linux-x86_64 | 1.0-0 | 5.23 | 496.06 | 501.29 | NOTE | |
r-release-linux-x86_64 | 1.0-0 | 6.02 | 493.86 | 499.88 | NOTE | |
r-release-macos-arm64 | 1.0-0 | 181.00 | NOTE | |||
r-release-macos-x86_64 | 1.0-0 | 298.00 | NOTE | |||
r-release-windows-x86_64 | 1.0-0 | 77.00 | 301.00 | 378.00 | NOTE | |
r-oldrel-macos-arm64 | 1.0-0 | 161.00 | NOTE | |||
r-oldrel-macos-x86_64 | 1.0-0 | 282.00 | NOTE | |||
r-oldrel-windows-x86_64 | 1.0-0 | 104.00 | 372.00 | 476.00 | NOTE |
Version: 1.0-0
Check: package subdirectories
Result: NOTE
Problems with news in ‘NEWS.md’:
No news entries found.
Flavors: r-devel-linux-x86_64-debian-clang, r-devel-linux-x86_64-debian-gcc, r-devel-linux-x86_64-fedora-clang, r-devel-linux-x86_64-fedora-gcc, r-devel-windows-x86_64, r-patched-linux-x86_64, r-release-linux-x86_64, r-release-macos-arm64, r-release-macos-x86_64, r-release-windows-x86_64, r-oldrel-macos-arm64, r-oldrel-macos-x86_64, r-oldrel-windows-x86_64