Last updated on 2025-07-13 04:48:57 CEST.
Flavor | Version | Tinstall | Tcheck | Ttotal | Status | Flags |
---|---|---|---|---|---|---|
r-devel-linux-x86_64-debian-clang | 1.0.7 | 14.39 | 329.10 | 343.49 | NOTE | |
r-devel-linux-x86_64-debian-gcc | 1.0.7 | 9.51 | 217.27 | 226.78 | NOTE | |
r-devel-linux-x86_64-fedora-clang | 1.0.7 | 569.86 | NOTE | |||
r-devel-linux-x86_64-fedora-gcc | 1.0.7 | 526.83 | NOTE | |||
r-devel-windows-x86_64 | 1.0.7 | 15.00 | 284.00 | 299.00 | NOTE | |
r-patched-linux-x86_64 | 1.0.7 | 14.45 | 317.49 | 331.94 | NOTE | |
r-release-linux-x86_64 | 1.0.7 | 13.28 | 314.37 | 327.65 | NOTE | |
r-release-macos-arm64 | 1.0.7 | 157.00 | NOTE | |||
r-release-macos-x86_64 | 1.0.7 | 335.00 | NOTE | |||
r-release-windows-x86_64 | 1.0.7 | 14.00 | 295.00 | 309.00 | NOTE | |
r-oldrel-macos-arm64 | 1.0.7 | 133.00 | OK | |||
r-oldrel-macos-x86_64 | 1.0.7 | 227.00 | OK | |||
r-oldrel-windows-x86_64 | 1.0.7 | 19.00 | 408.00 | 427.00 | OK |
Version: 1.0.7
Check: DESCRIPTION meta-information
Result: NOTE
Missing dependency on R >= 4.1.0 because package code uses the pipe
|> or function shorthand \(...) syntax added in R 4.1.0.
File(s) using such syntax:
‘mi_pre.R’
Flavors: r-devel-linux-x86_64-debian-clang, r-devel-linux-x86_64-debian-gcc, r-devel-linux-x86_64-fedora-clang, r-devel-linux-x86_64-fedora-gcc, r-devel-windows-x86_64, r-patched-linux-x86_64, r-release-linux-x86_64, r-release-macos-arm64, r-release-macos-x86_64, r-release-windows-x86_64
Version: 1.0.7
Check: Rd cross-references
Result: NOTE
Found the following Rd file(s) with Rd \link{} targets missing package
anchors:
gpe.Rd: cv.glmnet
gpe_cv.glmnet.Rd: cv.glmnet
gpe_trees.Rd: ctree, glmtree, ctree_control, earth, cv.glmnet
rTerm.Rd: cv.glmnet
Please provide package anchors for all Rd \link{} targets not in the
package itself and the base packages.
Flavors: r-devel-linux-x86_64-debian-clang, r-devel-linux-x86_64-debian-gcc, r-devel-windows-x86_64, r-patched-linux-x86_64, r-release-linux-x86_64, r-release-windows-x86_64