Last updated on 2025-07-13 04:48:57 CEST.
Flavor | Version | Tinstall | Tcheck | Ttotal | Status | Flags |
---|---|---|---|---|---|---|
r-devel-linux-x86_64-debian-clang | 0.1 | 6.15 | 56.77 | 62.92 | NOTE | |
r-devel-linux-x86_64-debian-gcc | 0.1 | 4.20 | 43.10 | 47.30 | NOTE | |
r-devel-linux-x86_64-fedora-clang | 0.1 | 104.21 | OK | |||
r-devel-linux-x86_64-fedora-gcc | 0.1 | 105.80 | OK | |||
r-devel-windows-x86_64 | 0.1 | 9.00 | 72.00 | 81.00 | OK | |
r-patched-linux-x86_64 | 0.1 | 6.79 | 52.66 | 59.45 | OK | |
r-release-linux-x86_64 | 0.1 | 5.70 | 53.71 | 59.41 | OK | |
r-release-macos-arm64 | 0.1 | 36.00 | OK | |||
r-release-macos-x86_64 | 0.1 | 64.00 | OK | |||
r-release-windows-x86_64 | 0.1 | 9.00 | 75.00 | 84.00 | OK | |
r-oldrel-macos-arm64 | 0.1 | 37.00 | OK | |||
r-oldrel-macos-x86_64 | 0.1 | 53.00 | OK | |||
r-oldrel-windows-x86_64 | 0.1 | 10.00 | 87.00 | 97.00 | OK |
Version: 0.1
Check: CRAN incoming feasibility
Result: NOTE
Maintainer: ‘Marcel Miché <marcel.miche.predictme@gmail.com>’
No Authors@R field in DESCRIPTION.
Please add one, modifying
Authors@R: person(given = "Marcel",
family = "Miché",
role = c("aut", "cre"),
email = "marcel.miche.predictme@gmail.com")
as necessary.
Flavors: r-devel-linux-x86_64-debian-clang, r-devel-linux-x86_64-debian-gcc