CRAN Package Check Results for Package pubmedR

Last updated on 2025-07-13 10:48:29 CEST.

Flavor Version Tinstall Tcheck Ttotal Status Flags
r-devel-linux-x86_64-debian-clang 0.0.3 2.63 28.73 31.36 OK
r-devel-linux-x86_64-debian-gcc 0.0.3 2.17 22.47 24.64 OK
r-devel-linux-x86_64-fedora-clang 0.0.3 50.13 OK
r-devel-linux-x86_64-fedora-gcc 0.0.3 60.62 OK
r-devel-windows-x86_64 0.0.3 4.00 49.00 53.00 OK
r-patched-linux-x86_64 0.0.3 2.73 27.21 29.94 OK
r-release-linux-x86_64 0.0.3 2.59 27.54 30.13 OK
r-release-macos-arm64 0.0.3 28.00 OK
r-release-macos-x86_64 0.0.3 46.00 OK
r-release-windows-x86_64 0.0.3 4.00 60.00 64.00 OK
r-oldrel-macos-arm64 0.0.3 25.00 NOTE
r-oldrel-macos-x86_64 0.0.3 38.00 NOTE
r-oldrel-windows-x86_64 0.0.3 5.00 55.00 60.00 NOTE

Check Details

Version: 0.0.3
Check: LazyData
Result: NOTE 'LazyData' is specified without a 'data' directory Flavors: r-oldrel-macos-arm64, r-oldrel-macos-x86_64, r-oldrel-windows-x86_64