CRAN Package Check Results for Package pushbar

Last updated on 2025-07-13 04:48:57 CEST.

Flavor Version Tinstall Tcheck Ttotal Status Flags
r-devel-linux-x86_64-debian-clang 0.1.0 3.13 31.96 35.09 OK
r-devel-linux-x86_64-debian-gcc 0.1.0 2.18 25.30 27.48 OK
r-devel-linux-x86_64-fedora-clang 0.1.0 52.25 OK
r-devel-linux-x86_64-fedora-gcc 0.1.0 50.70 OK
r-devel-windows-x86_64 0.1.0 5.00 55.00 60.00 OK
r-patched-linux-x86_64 0.1.0 2.90 29.49 32.39 OK
r-release-linux-x86_64 0.1.0 2.80 29.60 32.40 OK
r-release-macos-arm64 0.1.0 21.00 OK
r-release-macos-x86_64 0.1.0 38.00 OK
r-release-windows-x86_64 0.1.0 5.00 66.00 71.00 OK
r-oldrel-macos-arm64 0.1.0 22.00 NOTE
r-oldrel-macos-x86_64 0.1.0 32.00 NOTE
r-oldrel-windows-x86_64 0.1.0 6.00 61.00 67.00 NOTE

Check Details

Version: 0.1.0
Check: LazyData
Result: NOTE 'LazyData' is specified without a 'data' directory Flavors: r-oldrel-macos-arm64, r-oldrel-macos-x86_64, r-oldrel-windows-x86_64