CRAN Package Check Results for Package pzfx

Last updated on 2025-07-12 22:49:18 CEST.

Flavor Version Tinstall Tcheck Ttotal Status Flags
r-devel-linux-x86_64-debian-clang 0.3.0 2.02 25.13 27.15 OK
r-devel-linux-x86_64-debian-gcc 0.3.0 1.56 20.84 22.40 OK
r-devel-linux-x86_64-fedora-clang 0.3.0 44.33 OK
r-devel-linux-x86_64-fedora-gcc 0.3.0 55.53 OK
r-devel-windows-x86_64 0.3.0 3.00 45.00 48.00 OK
r-patched-linux-x86_64 0.3.0 2.01 24.16 26.17 OK
r-release-linux-x86_64 0.3.0 1.98 23.97 25.95 OK
r-release-macos-arm64 0.3.0 35.00 OK
r-release-macos-x86_64 0.3.0 42.00 OK
r-release-windows-x86_64 0.3.0 3.00 48.00 51.00 OK
r-oldrel-macos-arm64 0.3.0 25.00 NOTE
r-oldrel-macos-x86_64 0.3.0 33.00 NOTE
r-oldrel-windows-x86_64 0.3.0 4.00 52.00 56.00 NOTE

Check Details

Version: 0.3.0
Check: LazyData
Result: NOTE 'LazyData' is specified without a 'data' directory Flavors: r-oldrel-macos-arm64, r-oldrel-macos-x86_64, r-oldrel-windows-x86_64