Last updated on 2024-06-20 02:57:26 CEST.
Flavor | Version | Tinstall | Tcheck | Ttotal | Status | Flags |
---|---|---|---|---|---|---|
r-devel-linux-x86_64-debian-clang | 1.4.3 | 121.16 | 123.28 | 244.44 | NOTE | |
r-devel-linux-x86_64-debian-gcc | 1.4.3 | 81.72 | 94.19 | 175.91 | NOTE | |
r-devel-linux-x86_64-fedora-clang | 1.4.3 | 314.25 | NOTE | |||
r-devel-linux-x86_64-fedora-gcc | 1.4.3 | 356.86 | NOTE | |||
r-devel-windows-x86_64 | 1.4.3 | 85.00 | 129.00 | 214.00 | NOTE | |
r-patched-linux-x86_64 | 1.4.3 | 110.18 | 128.25 | 238.43 | NOTE | |
r-release-linux-x86_64 | 1.4.3 | 106.93 | 125.57 | 232.50 | NOTE | |
r-release-macos-arm64 | 1.4.3 | 75.00 | NOTE | |||
r-release-macos-x86_64 | 1.4.3 | 107.00 | NOTE | |||
r-release-windows-x86_64 | 1.4.3 | 87.00 | 132.00 | 219.00 | NOTE | |
r-oldrel-macos-arm64 | 1.4.3 | 83.00 | NOTE | |||
r-oldrel-macos-x86_64 | 1.4.3 | 140.00 | NOTE | |||
r-oldrel-windows-x86_64 | 1.4.3 | 105.00 | 156.00 | 261.00 | NOTE |
Version: 1.4.3
Check: LazyData
Result: NOTE
'LazyData' is specified without a 'data' directory
Flavors: r-devel-linux-x86_64-debian-clang, r-devel-linux-x86_64-debian-gcc, r-devel-linux-x86_64-fedora-clang, r-devel-linux-x86_64-fedora-gcc, r-devel-windows-x86_64, r-patched-linux-x86_64, r-release-linux-x86_64, r-release-macos-arm64, r-release-macos-x86_64, r-release-windows-x86_64, r-oldrel-macos-arm64, r-oldrel-macos-x86_64, r-oldrel-windows-x86_64
Version: 1.4.3
Check: installed package size
Result: NOTE
installed size is 27.2Mb
sub-directories of 1Mb or more:
libs 26.9Mb
Flavors: r-release-macos-arm64, r-release-macos-x86_64, r-oldrel-macos-arm64, r-oldrel-macos-x86_64