Last updated on 2025-07-13 04:48:57 CEST.
Flavor | Version | Tinstall | Tcheck | Ttotal | Status | Flags |
---|---|---|---|---|---|---|
r-devel-linux-x86_64-debian-clang | 0.95 | 20.05 | 131.53 | 151.58 | NOTE | |
r-devel-linux-x86_64-debian-gcc | 0.95 | 12.23 | 92.13 | 104.36 | NOTE | |
r-devel-linux-x86_64-fedora-clang | 0.95 | 250.96 | NOTE | |||
r-devel-linux-x86_64-fedora-gcc | 0.95 | 219.30 | NOTE | |||
r-devel-windows-x86_64 | 0.95 | 21.00 | 139.00 | 160.00 | NOTE | |
r-patched-linux-x86_64 | 0.95 | 18.46 | 122.48 | 140.94 | NOTE | |
r-release-linux-x86_64 | 0.95 | 16.80 | 121.81 | 138.61 | NOTE | |
r-release-macos-arm64 | 0.95 | 63.00 | NOTE | |||
r-release-macos-x86_64 | 0.95 | 126.00 | NOTE | |||
r-release-windows-x86_64 | 0.95 | 25.00 | 149.00 | 174.00 | NOTE | |
r-oldrel-macos-arm64 | 0.95 | 64.00 | OK | |||
r-oldrel-macos-x86_64 | 0.95 | 130.00 | OK | |||
r-oldrel-windows-x86_64 | 0.95 | 28.00 | 186.00 | 214.00 | OK |
Version: 0.95
Check: DESCRIPTION meta-information
Result: NOTE
Missing dependency on R >= 4.1.0 because package code uses the pipe
|> or function shorthand \(...) syntax added in R 4.1.0.
File(s) using such syntax:
‘textplot_network.Rd’ ‘textplot_wordcloud.Rd’ ‘textplot_xray.Rd’
Flavors: r-devel-linux-x86_64-debian-clang, r-devel-linux-x86_64-debian-gcc, r-devel-linux-x86_64-fedora-clang, r-devel-linux-x86_64-fedora-gcc, r-devel-windows-x86_64, r-patched-linux-x86_64, r-release-linux-x86_64, r-release-macos-arm64, r-release-windows-x86_64
Version: 0.95
Check: Rd cross-references
Result: NOTE
Unknown package ‘quanteda.textmodels’ in Rd xrefs
Flavor: r-release-macos-x86_64