CRAN Package Check Results for Package quantoptr

Last updated on 2025-07-13 04:48:57 CEST.

Flavor Version Tinstall Tcheck Ttotal Status Flags
r-devel-linux-x86_64-debian-clang 0.1.3 9.21 79.41 88.62 OK
r-devel-linux-x86_64-debian-gcc 0.1.3 5.91 58.71 64.62 OK
r-devel-linux-x86_64-fedora-clang 0.1.3 136.47 OK
r-devel-linux-x86_64-fedora-gcc 0.1.3 132.17 OK
r-devel-windows-x86_64 0.1.3 10.00 91.00 101.00 OK
r-patched-linux-x86_64 0.1.3 9.39 75.45 84.84 OK
r-release-linux-x86_64 0.1.3 9.08 75.21 84.29 OK
r-release-macos-arm64 0.1.3 39.00 OK
r-release-macos-x86_64 0.1.3 91.00 OK
r-release-windows-x86_64 0.1.3 10.00 99.00 109.00 OK
r-oldrel-macos-arm64 0.1.3 37.00 NOTE
r-oldrel-macos-x86_64 0.1.3 62.00 NOTE
r-oldrel-windows-x86_64 0.1.3 13.00 113.00 126.00 NOTE

Check Details

Version: 0.1.3
Check: LazyData
Result: NOTE 'LazyData' is specified without a 'data' directory Flavors: r-oldrel-macos-arm64, r-oldrel-macos-x86_64, r-oldrel-windows-x86_64