CRAN Package Check Results for Package rBayesianOptimization

Last updated on 2025-07-13 04:48:58 CEST.

Flavor Version Tinstall Tcheck Ttotal Status Flags
r-devel-linux-x86_64-debian-clang 1.2.1 2.41 24.83 27.24 NOTE
r-devel-linux-x86_64-debian-gcc 1.2.1 1.65 19.94 21.59 NOTE
r-devel-linux-x86_64-fedora-clang 1.2.1 40.55 OK
r-devel-linux-x86_64-fedora-gcc 1.2.1 38.10 OK
r-devel-windows-x86_64 1.2.1 3.00 42.00 45.00 NOTE
r-patched-linux-x86_64 1.2.1 2.25 22.09 24.34 NOTE
r-release-linux-x86_64 1.2.1 2.44 22.09 24.53 NOTE
r-release-macos-arm64 1.2.1 19.00 OK
r-release-macos-x86_64 1.2.1 25.00 OK
r-release-windows-x86_64 1.2.1 3.00 47.00 50.00 NOTE
r-oldrel-macos-arm64 1.2.1 17.00 OK
r-oldrel-macos-x86_64 1.2.1 25.00 OK
r-oldrel-windows-x86_64 1.2.1 4.00 49.00 53.00 OK

Check Details

Version: 1.2.1
Check: Rd cross-references
Result: NOTE Found the following Rd file(s) with Rd \link{} targets missing package anchors: BayesianOptimization.Rd: GP_fit Please provide package anchors for all Rd \link{} targets not in the package itself and the base packages. Flavors: r-devel-linux-x86_64-debian-clang, r-devel-linux-x86_64-debian-gcc, r-devel-windows-x86_64, r-patched-linux-x86_64, r-release-linux-x86_64, r-release-windows-x86_64