Last updated on 2025-07-12 22:49:19 CEST.
Flavor | Version | Tinstall | Tcheck | Ttotal | Status | Flags |
---|---|---|---|---|---|---|
r-devel-linux-x86_64-debian-clang | 1.4.0 | 167.85 | 34.46 | 202.31 | OK | |
r-devel-linux-x86_64-debian-gcc | 1.4.0 | 177.72 | 26.76 | 204.48 | OK | |
r-devel-linux-x86_64-fedora-clang | 1.4.0 | 306.59 | OK | |||
r-devel-linux-x86_64-fedora-gcc | 1.4.0 | 552.74 | OK | |||
r-devel-windows-x86_64 | 1.4.0 | 249.00 | 108.00 | 357.00 | OK | |
r-patched-linux-x86_64 | 1.4.0 | 252.56 | 31.50 | 284.06 | OK | |
r-release-linux-x86_64 | 1.4.0 | 250.58 | 31.34 | 281.92 | OK | |
r-release-macos-arm64 | 1.4.0 | 109.00 | OK | |||
r-release-macos-x86_64 | 1.4.0 | 153.00 | OK | |||
r-release-windows-x86_64 | 1.4.0 | 257.00 | 108.00 | 365.00 | OK | |
r-oldrel-macos-arm64 | 1.4.0 | 101.00 | NOTE | |||
r-oldrel-macos-x86_64 | 1.4.0 | 172.00 | NOTE | |||
r-oldrel-windows-x86_64 | 1.4.0 | 282.00 | 118.00 | 400.00 | NOTE |
Version: 1.4.0
Check: installed package size
Result: NOTE
installed size is 46.9Mb
sub-directories of 1Mb or more:
libs 46.7Mb
Flavors: r-oldrel-macos-arm64, r-oldrel-macos-x86_64, r-oldrel-windows-x86_64