Last updated on 2024-06-19 20:58:37 CEST.
Flavor | Version | Tinstall | Tcheck | Ttotal | Status | Flags |
---|---|---|---|---|---|---|
r-devel-linux-x86_64-debian-clang | 2.2.7 | 65.17 | 289.97 | 355.14 | OK | |
r-devel-linux-x86_64-debian-gcc | 2.2.7 | 50.79 | 208.50 | 259.29 | OK | |
r-devel-linux-x86_64-fedora-clang | 2.2.7 | 427.40 | OK | |||
r-devel-linux-x86_64-fedora-gcc | 2.2.7 | 455.08 | OK | |||
r-devel-windows-x86_64 | 2.2.7 | 55.00 | 242.00 | 297.00 | OK | |
r-patched-linux-x86_64 | 2.2.7 | 58.96 | 272.21 | 331.17 | OK | |
r-release-linux-x86_64 | 2.2.7 | 45.59 | 279.28 | 324.87 | OK | |
r-release-macos-arm64 | 2.2.7 | 114.00 | NOTE | |||
r-release-macos-x86_64 | 2.2.7 | 175.00 | NOTE | |||
r-release-windows-x86_64 | 2.2.7 | 54.00 | 247.00 | 301.00 | OK | |
r-oldrel-macos-arm64 | 2.2.7 | 117.00 | NOTE | |||
r-oldrel-macos-x86_64 | 2.2.7 | 286.00 | NOTE | |||
r-oldrel-windows-x86_64 | 2.2.7 | 70.00 | 310.00 | 380.00 | OK |
Version: 2.2.7
Check: installed package size
Result: NOTE
installed size is 5.8Mb
sub-directories of 1Mb or more:
libs 4.6Mb
Flavors: r-release-macos-arm64, r-release-macos-x86_64, r-oldrel-macos-arm64, r-oldrel-macos-x86_64